{"id":5729,"date":"2026-05-11T15:59:57","date_gmt":"2026-05-11T13:59:57","guid":{"rendered":"https:\/\/port2port.be\/product\/1983-niepoort-garrafeira-port-douro\/"},"modified":"2026-09-03T15:19:03","modified_gmt":"2026-09-03T13:19:03","slug":"1983-niepoort-garrafeira-port-douro","status":"publish","type":"product","link":"https:\/\/port2port.be\/fr\/produit\/1983-niepoort-garrafeira-port-douro\/","title":{"rendered":"1983 Niepoort Garrafeira Port - Douro"},"content":{"rendered":"<h2>1983 Niepoort Garrafeira Port du Douro<\/h2>\n<h2>Un porto unique et raffin\u00e9, d'une \u00e9l\u00e9gance et d'une complexit\u00e9 exceptionnelles.<\/h2>\n<p>Le Porto Niepoort Garrafeira 1983 est une expression particuli\u00e8re d'un style de porto rare. Gr\u00e2ce \u00e0 la combinaison d'un \u00e9levage en f\u00fbts de bois et d'un vieillissement prolong\u00e9 en bonbonnes de verre, ce vin d\u00e9veloppe une finesse exceptionnelle et un caract\u00e8re unique.<\/p>\n<h3>Ar\u00f4me et go\u00fbt<\/h3>\n<p>Dans le verre, ce porto pr\u00e9sente une couleur rubis \u00e9volu\u00e9e avec des nuances ambr\u00e9es. Le nez est raffin\u00e9 et complexe, avec des ar\u00f4mes de fruits secs, d'\u00e9corce d'orange, de noix et de subtiles notes \u00e9pic\u00e9es. En bouche, il est \u00e9l\u00e9gant et frais, avec une acidit\u00e9 vive et une finale longue et d\u00e9licate.<\/p>\n<h3>Service et r\u00e9partition des aliments<\/h3>\n<p>Servir l\u00e9g\u00e8rement frais \u00e0 14-16\u00b0C. Id\u00e9al pour accompagner les desserts d\u00e9licats, les fromages \u00e0 p\u00e2te molle ou pour cl\u00f4turer un d\u00eener en beaut\u00e9.<\/p>\n<h3>L'histoire derri\u00e8re la bouteille<\/h3>\n<p>La m\u00e9thode Garrafeira est une m\u00e9thode de maturation unique utilis\u00e9e presque exclusivement par Niepoort. La combinaison de la maturation en bois et en verre cr\u00e9e un style qui se distingue \u00e0 la fois du tawny et du porto vintage. Le 1983 est un merveilleux exemple de cette tradition et une pi\u00e8ce de collection de grande valeur.<\/p>\n<h3>En savoir plus<\/h3>\n<p>D\u00e9couvrez notre gamme <a href=\"https:\/\/port2port.be\/fr\/product-categorie\/porto\/vintage-port\/\">Porto Vintage<\/a><\/p>\n<p>D\u00e9couvrez \u00e9galement ce grand classique : <a href=\"https:\/\/port2port.be\/fr\/produit\/1987-niepoort-garrafeira-port-douro\/\">1987 Niepoort Garrafeira Port<\/a><\/p>","protected":false},"excerpt":{"rendered":"<ul>\n<li>Rare porto Garrafeira 1983<\/li>\n<li>Une maturation unique en bois et en verre<\/li>\n<li>Style \u00e9l\u00e9gant et sophistiqu\u00e9<\/li>\n<li>Parfait pour les collectionneurs et les amateurs<\/li>\n<\/ul>","protected":false},"featured_media":5769,"template":"","meta":{"_seopress_titles_title":"1983 Niepoort Garrafeira Port \u2013 Douro","_seopress_titles_desc":"Zeldzame 1983 Niepoort Garrafeira Port. Elegant, verfijnd en ideaal voor verzamelaars.","_seopress_robots_index":"","_seopress_robots_follow":"","_seopress_robots_imageindex":"","_seopress_robots_snippet":"","_seopress_robots_primary_cat":"","_seopress_robots_breadcrumbs":"","_seopress_robots_freeze_modified_date":"","_seopress_robots_custom_modified_date":"","_seopress_robots_canonical":"","_seopress_social_fb_title":"","_seopress_social_fb_desc":"","_seopress_social_fb_img":"","_seopress_social_fb_img_attachment_id":0,"_seopress_social_fb_img_width":0,"_seopress_social_fb_img_height":0,"_seopress_social_twitter_title":"","_seopress_social_twitter_desc":"","_seopress_social_twitter_img":"","_seopress_social_twitter_img_attachment_id":0,"_seopress_social_twitter_img_width":0,"_seopress_social_twitter_img_height":0,"_seopress_redirections_value":"","_seopress_redirections_enabled":"","_seopress_redirections_enabled_regex":"","_seopress_redirections_logged_status":"","_seopress_redirections_param":"","_seopress_redirections_type":0,"_seopress_analysis_target_kw":"1983 Niepoort Garrafeira Port","iawp_total_views":7},"product_brand":[247],"product_cat":[22],"product_tag":[936,76,921,914],"land":[41],"jaar":[135],"class_list":["post-5729","product","type-product","status-publish","has-post-thumbnail","product_brand-niepoort","product_cat-porto","product_tag-douro-valley","product_tag-gerijpte-port","product_tag-niepoort-port","product_tag-vintage-port","pa_druivensoort-tinta-roriz-2","pa_druivensoort-touriga-franca","pa_druivensoort-touriga-nacional","pa_eenheid-750-ml","pa_regio-douro","land-portugal","jaar-135","first","instock","taxable","shipping-taxable","purchasable","product-type-simple"],"jetpack_sharing_enabled":true,"_links":{"self":[{"href":"https:\/\/port2port.be\/fr\/wp-json\/wp\/v2\/product\/5729","targetHints":{"allow":["GET"]}}],"collection":[{"href":"https:\/\/port2port.be\/fr\/wp-json\/wp\/v2\/product"}],"about":[{"href":"https:\/\/port2port.be\/fr\/wp-json\/wp\/v2\/types\/product"}],"wp:featuredmedia":[{"embeddable":true,"href":"https:\/\/port2port.be\/fr\/wp-json\/wp\/v2\/media\/5769"}],"wp:attachment":[{"href":"https:\/\/port2port.be\/fr\/wp-json\/wp\/v2\/media?parent=5729"}],"wp:term":[{"taxonomy":"product_brand","embeddable":true,"href":"https:\/\/port2port.be\/fr\/wp-json\/wp\/v2\/product_brand?post=5729"},{"taxonomy":"product_cat","embeddable":true,"href":"https:\/\/port2port.be\/fr\/wp-json\/wp\/v2\/product_cat?post=5729"},{"taxonomy":"product_tag","embeddable":true,"href":"https:\/\/port2port.be\/fr\/wp-json\/wp\/v2\/product_tag?post=5729"},{"taxonomy":"land","embeddable":true,"href":"https:\/\/port2port.be\/fr\/wp-json\/wp\/v2\/land?post=5729"},{"taxonomy":"jaar","embeddable":true,"href":"https:\/\/port2port.be\/fr\/wp-json\/wp\/v2\/jaar?post=5729"}],"curies":[{"name":"wp","href":"https:\/\/api.w.org\/{rel}","templated":true}]}}

<h2>1983 Niepoort Garrafeira Port du Douro</h2>
<h2>Un porto unique et raffiné, d'une élégance et d'une complexité exceptionnelles.</h2>
<p>Le Porto Niepoort Garrafeira 1983 est une expression particulière d'un style de porto rare. Grâce à la combinaison d'un élevage en fûts de bois et d'un vieillissement prolongé en bonbonnes de verre, ce vin développe une finesse exceptionnelle et un caractère unique.</p>
<h3>Arôme et goût</h3>
<p>Dans le verre, ce porto présente une couleur rubis évoluée avec des nuances ambrées. Le nez est raffiné et complexe, avec des arômes de fruits secs, d'écorce d'orange, de noix et de subtiles notes épicées. En bouche, il est élégant et frais, avec une acidité vive et une finale longue et délicate.</p>
<h3>Service et répartition des aliments</h3>
<p>Servir légèrement frais à 14-16°C. Idéal pour accompagner les desserts délicats, les fromages à pâte molle ou pour clôturer un dîner en beauté.</p>
<h3>L'histoire derrière la bouteille</h3>
<p>La méthode Garrafeira est une méthode de maturation unique utilisée presque exclusivement par Niepoort. La combinaison de la maturation en bois et en verre crée un style qui se distingue à la fois du tawny et du porto vintage. Le 1983 est un merveilleux exemple de cette tradition et une pièce de collection de grande valeur.</p>
<h3>En savoir plus</h3>
<p>Découvrez notre gamme <a href="https://port2port.be/fr/product-categorie/porto/vintage-port/">Porto Vintage</a></p>
<p>Découvrez également ce grand classique : <a href="https://port2port.be/fr/produit/1987-niepoort-garrafeira-port-douro/">1987 Niepoort Garrafeira Port</a></p>

<ul>
<li>Rare porto Garrafeira 1983</li>
<li>Une maturation unique en bois et en verre</li>
<li>Style élégant et sophistiqué</li>
<li>Parfait pour les collectionneurs et les amateurs</li>
</ul>
