{"id":2920,"date":"2025-02-25T20:50:34","date_gmt":"2025-02-25T19:50:34","guid":{"rendered":"https:\/\/port2port.be\/?post_type=product&#038;p=2920"},"modified":"2026-03-26T21:07:18","modified_gmt":"2026-03-26T20:07:18","slug":"portal-da-calcada-reserva-2021","status":"publish","type":"product","link":"https:\/\/port2port.be\/fr\/produit\/portal-da-calcada-reserva-2021\/","title":{"rendered":"2021 Portal da Cal\u00e7ada Reserva - Vinho Verde"},"content":{"rendered":"<h2>2021 Portal da Cal\u00e7ada Reserva avec la finesse portugaise<\/h2>\n<p>Portal da Cal\u00e7ada Reserva 2021 est un vin blanc raffin\u00e9 qui allie merveilleusement fra\u00eecheur et structure. Un vin portugais \u00e9l\u00e9gant, parfaitement utilisable \u00e0 table.<\/p>\n<h3>Exp\u00e9rience en mati\u00e8re de proc\u00e8s<\/h3>\n<ul>\n<li>Jaune brillant avec une l\u00e9g\u00e8re brillance<\/li>\n<li>Notes d'agrumes, de pomme et de fleurs<\/li>\n<li>Frais et \u00e9l\u00e9gant avec un bon rembourrage<\/li>\n<li>Finale \u00e9quilibr\u00e9e et longue<\/li>\n<\/ul>\n<h3>L'histoire du vin<\/h3>\n<p>Le Portugal produit de plus en plus de vins blancs de caract\u00e8re avec une belle fra\u00eecheur et de la tension. Cette Reserva pr\u00e9sente un style moderne qui met l'accent sur la puret\u00e9 et l'\u00e9quilibre.<\/p>\n<h3>En savoir plus<\/h3>\n<p>D\u00e9couvrez notre offre <a href=\"https:\/\/port2port.be\/fr\/product-categorie\/wijn\/witte-wijn\/\">vin blanc<\/a> ou voir tous les <a href=\"https:\/\/port2port.be\/fr\/product-categorie\/wijn\/\">vins<\/a>.<\/p>\n<p>Vous cherchez des bouteilles similaires ? D\u00e9couvrez d'autres <a href=\"https:\/\/port2port.be\/fr\/product-categorie\/wijn\/witte-wijn\/\">vins blancs<\/a>.<\/p>\n<p>Voir aussi un vin similaire : <a href=\"#\">2020 Paloma de Sacramento Blanco<\/a>.<\/p>","protected":false},"excerpt":{"rendered":"<p>Vin blanc portugais \u00e9l\u00e9gant avec des fruits frais, de la structure et un style gastronomique.<\/p>\n<ul>\n<li>Caract\u00e8re frais et raffin\u00e9<\/li>\n<li>Ar\u00f4mes d'agrumes et de fruits blancs<\/li>\n<li>Bon \u00e9quilibre et bonne longueur<\/li>\n<li>Parfait avec le poisson et les plats m\u00e9diterran\u00e9ens l\u00e9gers<\/li>\n<\/ul>","protected":false},"featured_media":2881,"template":"","meta":{"_seopress_robots_primary_cat":"none","_seopress_titles_title":"2021 Portal da Cal\u00e7ada Reserva","_seopress_titles_desc":"Elegante Portugese witte wijn met citrus, wit fruit en mooie structuur. Verfijnde keuze voor vis, aperitief en lichte mediterrane gerechten.","_seopress_robots_index":"","iawp_total_views":7},"product_brand":[610],"product_cat":[330],"product_tag":[],"land":[41],"jaar":[39],"class_list":{"0":"post-2920","1":"product","2":"type-product","3":"status-publish","4":"has-post-thumbnail","6":"product_brand-quinta-da-calcada","7":"product_cat-witte-wijn","8":"pa_druivensoort-albarino","9":"pa_druivensoort-loureiro","10":"pa_eenheid-750-ml","11":"pa_regio-vinho-verde","12":"land-portugal","13":"jaar-39","15":"first","16":"instock","17":"taxable","18":"shipping-taxable","19":"purchasable","20":"product-type-simple"},"jetpack_sharing_enabled":true,"_links":{"self":[{"href":"https:\/\/port2port.be\/fr\/wp-json\/wp\/v2\/product\/2920","targetHints":{"allow":["GET"]}}],"collection":[{"href":"https:\/\/port2port.be\/fr\/wp-json\/wp\/v2\/product"}],"about":[{"href":"https:\/\/port2port.be\/fr\/wp-json\/wp\/v2\/types\/product"}],"wp:featuredmedia":[{"embeddable":true,"href":"https:\/\/port2port.be\/fr\/wp-json\/wp\/v2\/media\/2881"}],"wp:attachment":[{"href":"https:\/\/port2port.be\/fr\/wp-json\/wp\/v2\/media?parent=2920"}],"wp:term":[{"taxonomy":"product_brand","embeddable":true,"href":"https:\/\/port2port.be\/fr\/wp-json\/wp\/v2\/product_brand?post=2920"},{"taxonomy":"product_cat","embeddable":true,"href":"https:\/\/port2port.be\/fr\/wp-json\/wp\/v2\/product_cat?post=2920"},{"taxonomy":"product_tag","embeddable":true,"href":"https:\/\/port2port.be\/fr\/wp-json\/wp\/v2\/product_tag?post=2920"},{"taxonomy":"land","embeddable":true,"href":"https:\/\/port2port.be\/fr\/wp-json\/wp\/v2\/land?post=2920"},{"taxonomy":"jaar","embeddable":true,"href":"https:\/\/port2port.be\/fr\/wp-json\/wp\/v2\/jaar?post=2920"}],"curies":[{"name":"wp","href":"https:\/\/api.w.org\/{rel}","templated":true}]}}

2021 Portal da Calçada Reserva - Vinho Verde

<h2>2021 Portal da Calçada Reserva avec la finesse portugaise</h2>
<p>Portal da Calçada Reserva 2021 est un vin blanc raffiné qui allie merveilleusement fraîcheur et structure. Un vin portugais élégant, parfaitement utilisable à table.</p>
<h3>Expérience en matière de procès</h3>
<ul>
<li>Jaune brillant avec une légère brillance</li>
<li>Notes d'agrumes, de pomme et de fleurs</li>
<li>Frais et élégant avec un bon rembourrage</li>
<li>Finale équilibrée et longue</li>
</ul>
<h3>L'histoire du vin</h3>
<p>Le Portugal produit de plus en plus de vins blancs de caractère avec une belle fraîcheur et de la tension. Cette Reserva présente un style moderne qui met l'accent sur la pureté et l'équilibre.</p>
<h3>En savoir plus</h3>
<p>Découvrez notre offre <a href="https://port2port.be/fr/product-categorie/wijn/witte-wijn/">vin blanc</a> ou voir tous les <a href="https://port2port.be/fr/product-categorie/wijn/">vins</a>.</p>
<p>Vous cherchez des bouteilles similaires ? Découvrez d'autres <a href="https://port2port.be/fr/product-categorie/wijn/witte-wijn/">vins blancs</a>.</p>
<p>Voir aussi un vin similaire : <a href="#">2020 Paloma de Sacramento Blanco</a>.</p>

<p>Vin blanc portugais élégant avec des fruits frais, de la structure et un style gastronomique.</p>
<ul>
<li>Caractère frais et raffiné</li>
<li>Arômes d'agrumes et de fruits blancs</li>
<li>Bon équilibre et bonne longueur</li>
<li>Parfait avec le poisson et les plats méditerranéens légers</li>
</ul>

2021 Portal da Calçada Reserva
