{"id":5900,"date":"2026-05-15T20:58:55","date_gmt":"2026-05-15T18:58:55","guid":{"rendered":"https:\/\/port2port.be\/product\/fonseca-terra-prima-reserve-port-douro\/"},"modified":"2026-09-03T15:19:20","modified_gmt":"2026-09-03T13:19:20","slug":"fonseca-terra-prima-reserve-port-douro","status":"publish","type":"product","link":"https:\/\/port2port.be\/de\/produkt\/fonseca-terra-prima-reserve-port-douro\/","title":{"rendered":"Fonseca Terra Prima Reserve Portwein - Douro"},"content":{"rendered":"<h2>Fonseca Terra Prima Reserve Portwein aus dem Douro<\/h2>\n<h2>Ein Bio-Reserve-Port mit intensivem Fruchtausdruck und weicher Struktur<\/h2>\n<p>Fonseca Terra Prima Reserve Port ist ein biologischer Reserve-Rubinport aus dem Douro-Tal. Fonseca war eines der ersten gro\u00dfen Portweinh\u00e4user, das vollst\u00e4ndig zertifizierten Bio-Portwein herstellte. Dieser Wein verbindet reife Frucht, Weichheit und Zug\u00e4nglichkeit mit der Qualit\u00e4t, f\u00fcr die Fonseca weltweit bekannt ist.<\/p>\n<h3>Aroma und Geschmack<\/h3>\n<p>Im Glas zeigt dieser Portwein eine tief rubinrote Farbe. Die Nase ist ausdrucksstark mit Aromen von schwarzen Johannisbeeren, Pflaumen, Kirschen und subtilen Gew\u00fcrzen. Am Gaumen ist er geschmeidig und fruchtig, mit weichen Tanninen und einem eleganten Abgang.<\/p>\n<h3>Servieren &amp; Speisenanpassung<\/h3>\n<p>Leicht gek\u00fchlt bei 14-16\u00b0C servieren. K\u00f6stlich zu Schokoladendesserts, Weichk\u00e4se oder einfach pur als Aperitif oder Digestif.<\/p>\n<h3>Die Geschichte hinter der Flasche<\/h3>\n<p>Mit Terra Prima brachte Fonseca einen der ersten zertifizierten Bio-Reserve-Ports auf den Markt. Der Wein spiegelt die moderne Vision des Hauses wider, in der Nachhaltigkeit und Qualit\u00e4t perfekt in einem zug\u00e4nglichen und fruchtigen Stil zusammenkommen.<\/p>\n<h3>Mehr entdecken<\/h3>\n<p>Entdecken Sie mehr aus unserem Sortiment <a href=\"https:\/\/port2port.be\/de\/product-categorie\/porto\/ruby-port\/\">Ruby Portwein<\/a> oder alle anzeigen <a href=\"https:\/\/port2port.be\/de\/product-categorie\/porto\/\">Porto Weine<\/a>.<\/p>\n<p>Sehen Sie sich auch diesen modernen Hafen an: <a href=\"https:\/\/port2port.be\/wp-admin\/post.php?post=5862&amp;action=edit\" aria-label=\"\u201cfonseca terra prima\u201d (Bearbeiten)\">Fonseca Terra Prima<\/a>.<\/p>","protected":false},"excerpt":{"rendered":"<ul>\n<li>Bio-Rubinport der Reserve<\/li>\n<li>Fruchtiger und zug\u00e4nglicher Stil<\/li>\n<li>Aromen von reifen schwarzen Fr\u00fcchten und Gew\u00fcrzen<\/li>\n<li>Perfekt pur oder mit Desserts<\/li>\n<\/ul>","protected":false},"featured_media":5862,"template":"","meta":{"_seopress_titles_title":"Fonseca Terra Prima Reserve Port \u2013 Douro","_seopress_titles_desc":"Fonseca Terra Prima Reserve Port. Biologische reserve ruby port met rijke fruitexpressie en zachte structuur.","_seopress_robots_index":"","_seopress_robots_follow":"","_seopress_robots_imageindex":"","_seopress_robots_snippet":"","_seopress_robots_primary_cat":"","_seopress_robots_breadcrumbs":"","_seopress_robots_freeze_modified_date":"","_seopress_robots_custom_modified_date":"","_seopress_robots_canonical":"","_seopress_social_fb_title":"","_seopress_social_fb_desc":"","_seopress_social_fb_img":"","_seopress_social_fb_img_attachment_id":0,"_seopress_social_fb_img_width":0,"_seopress_social_fb_img_height":0,"_seopress_social_twitter_title":"","_seopress_social_twitter_desc":"","_seopress_social_twitter_img":"","_seopress_social_twitter_img_attachment_id":0,"_seopress_social_twitter_img_width":0,"_seopress_social_twitter_img_height":0,"_seopress_redirections_value":"","_seopress_redirections_enabled":"","_seopress_redirections_enabled_regex":"","_seopress_redirections_logged_status":"","_seopress_redirections_param":"","_seopress_redirections_type":0,"_seopress_analysis_target_kw":"Fonseca Terra Prima Reserve Port","iawp_total_views":11},"product_brand":[248],"product_cat":[22,1359],"product_tag":[936,922],"land":[41],"jaar":[],"class_list":["post-5900","product","type-product","status-publish","has-post-thumbnail","product_brand-fonseca","product_cat-porto","product_cat-ruby-port","product_tag-douro-valley","product_tag-fonseca-port","pa_druivensoort-tinta-roriz-2","pa_druivensoort-touriga-franca","pa_druivensoort-touriga-nacional","pa_eenheid-750-ml","pa_regio-douro","land-portugal","first","instock","taxable","shipping-taxable","purchasable","product-type-simple"],"jetpack_sharing_enabled":true,"_links":{"self":[{"href":"https:\/\/port2port.be\/de\/wp-json\/wp\/v2\/product\/5900","targetHints":{"allow":["GET"]}}],"collection":[{"href":"https:\/\/port2port.be\/de\/wp-json\/wp\/v2\/product"}],"about":[{"href":"https:\/\/port2port.be\/de\/wp-json\/wp\/v2\/types\/product"}],"wp:featuredmedia":[{"embeddable":true,"href":"https:\/\/port2port.be\/de\/wp-json\/wp\/v2\/media\/5862"}],"wp:attachment":[{"href":"https:\/\/port2port.be\/de\/wp-json\/wp\/v2\/media?parent=5900"}],"wp:term":[{"taxonomy":"product_brand","embeddable":true,"href":"https:\/\/port2port.be\/de\/wp-json\/wp\/v2\/product_brand?post=5900"},{"taxonomy":"product_cat","embeddable":true,"href":"https:\/\/port2port.be\/de\/wp-json\/wp\/v2\/product_cat?post=5900"},{"taxonomy":"product_tag","embeddable":true,"href":"https:\/\/port2port.be\/de\/wp-json\/wp\/v2\/product_tag?post=5900"},{"taxonomy":"land","embeddable":true,"href":"https:\/\/port2port.be\/de\/wp-json\/wp\/v2\/land?post=5900"},{"taxonomy":"jaar","embeddable":true,"href":"https:\/\/port2port.be\/de\/wp-json\/wp\/v2\/jaar?post=5900"}],"curies":[{"name":"wp","href":"https:\/\/api.w.org\/{rel}","templated":true}]}}

<h2>Fonseca Terra Prima Reserve Portwein aus dem Douro</h2>
<h2>Ein Bio-Reserve-Port mit intensivem Fruchtausdruck und weicher Struktur</h2>
<p>Fonseca Terra Prima Reserve Port ist ein biologischer Reserve-Rubinport aus dem Douro-Tal. Fonseca war eines der ersten großen Portweinhäuser, das vollständig zertifizierten Bio-Portwein herstellte. Dieser Wein verbindet reife Frucht, Weichheit und Zugänglichkeit mit der Qualität, für die Fonseca weltweit bekannt ist.</p>
<h3>Aroma und Geschmack</h3>
<p>Im Glas zeigt dieser Portwein eine tief rubinrote Farbe. Die Nase ist ausdrucksstark mit Aromen von schwarzen Johannisbeeren, Pflaumen, Kirschen und subtilen Gewürzen. Am Gaumen ist er geschmeidig und fruchtig, mit weichen Tanninen und einem eleganten Abgang.</p>
<h3>Servieren &amp; Speisenanpassung</h3>
<p>Leicht gekühlt bei 14-16°C servieren. Köstlich zu Schokoladendesserts, Weichkäse oder einfach pur als Aperitif oder Digestif.</p>
<h3>Die Geschichte hinter der Flasche</h3>
<p>Mit Terra Prima brachte Fonseca einen der ersten zertifizierten Bio-Reserve-Ports auf den Markt. Der Wein spiegelt die moderne Vision des Hauses wider, in der Nachhaltigkeit und Qualität perfekt in einem zugänglichen und fruchtigen Stil zusammenkommen.</p>
<h3>Mehr entdecken</h3>
<p>Entdecken Sie mehr aus unserem Sortiment <a href="https://port2port.be/de/product-categorie/porto/ruby-port/">Ruby Portwein</a> oder alle anzeigen <a href="https://port2port.be/de/product-categorie/porto/">Porto Weine</a>.</p>
<p>Sehen Sie sich auch diesen modernen Hafen an: <a href="https://port2port.be/wp-admin/post.php?post=5862&amp;action=edit" aria-label="“fonseca terra prima” (Bearbeiten)">Fonseca Terra Prima</a>.</p>

<ul>
<li>Bio-Rubinport der Reserve</li>
<li>Fruchtiger und zugänglicher Stil</li>
<li>Aromen von reifen schwarzen Früchten und Gewürzen</li>
<li>Perfekt pur oder mit Desserts</li>
</ul>
